2658?
False
Is 94045 a multiple of 353?
False
Is 438780 a multiple of 30?
True
Does 211 divide 961292?
False
Is 212 a factor of 2468104?
True
Is 545 a factor of 5151885?
True
Does 408 divide 757656?
True
Is 1847437 a multiple of 57?
False
Is 16 a factor of 2112096?
True
Does 2 divide 889?
False
Is 307 a factor of 192499?
False
Does 22 divide 30151?
False
Is 7471062 a multiple of 18?
True
Is 196 a factor of 404811?
False
Does 84 divide 397152?
True
Is 26 a factor of 1211860?
True
Is 1980 a factor of 5155546?
False
Is 9 a factor of 354490?
False
Does 14 divide 4019820?
True
Does 522 divide 387324?
True
Is 28760784 a multiple of 16?
True
Is 4923605 a multiple of 39?
False
Is 319005 a multiple of 569?
False
Does 73 divide 172937?
True
Does 38 divide 83752?
True
Is 146 a factor of 248346?
True
Does 18 divide 86508?
True
Is 73499 a multiple of 99?
False
Does 35 divide 229388?
False
Is 37580 a multiple of 10?
True
Is 4116207 a multiple of 944?
False
Is 16946750 a multiple of 2650?
True
Is 34 a factor of 88230?
True
Is 1319682 a multiple of 39?
True
Is 9180 a multiple of 18?
True
Is 13 a factor of 89206?
True
Is 14806 a multiple of 673?
True
Does 33 divide 924891?
True
Does 286 divide 358072?
True
Does 22 divide 5541404?
True
Does 488 divide 371033?
False
Does 64 divide 117184?
True
Is 205082 a multiple of 41?
True
Is 103283 even?
False
Does 44 divide 13200163?
False
Is 14680524 a multiple of 1466?
True
Is 152212 a multiple of 124?
False
Does 239 divide 512119?
False
Does 12 divide 331029?
False
Is 31 a factor of 180376?
False
Does 20 divide 59611?
False
Is 157 a factor of 192012?
False
Is 357627 a multiple of 219?
True
Is 6 a factor of 5733?
False
Does 189 divide 183851?
False
Is 913 a factor of 238573?
False
Is 276433 a multiple of 491?
True
Is 31 a factor of 3778868?
False
Is 613 a factor of 32486041?
False
Is 4007875 a multiple of 11?
False
Does 63 divide 891009?
True
Is 6 a factor of 64274?
False
Does 52 divide 134784?
True
Does 114 divide 170062?
False
Is 4164510 a multiple of 15?
True
Is 9 a factor of 4041?
True
Is 3819827 a multiple of 180?
False
Does 30 divide 359763?
False
Does 26 divide 212612?
False
Does 596 divide 803408?
True
Does 12 divide 50544?
True
Does 101 divide 20587133?
True
Does 322 divide 42182?
True
Is 55 a factor of 18002?
False
Is 2451096 a multiple of 354?
True
Is 51 a factor of 1016538?
False
Is 2 a factor of 251238?
True
Does 876 divide 1984064?
False
Is 91216 a multiple of 328?
False
Is 1203893 a multiple of 326?
False
Is 54 a factor of 1328176?
False
Is 590240 a multiple of 62?
True
Is 79 a factor of 504889?
True
Does 172 divide 317168?
True
Is 154 a factor of 76610?
False
Does 1971 divide 3252150?
True
Is 17 a factor of 63258?
False
Is 124129 a multiple of 153?
False
Is 1003428 a multiple of 76?
True
Is 153323 a multiple of 49?
False
Does 9 divide 26985274?
False
Does 492 divide 4429752?
False
Does 146 divide 517952?
False
Is 320 a factor of 279680?
True
Does 28 divide 15842?
False
Does 210 divide 772800?
True
Does 3 divide 50017?
False
Does 1191 divide 4586962?
False
Is 87 a factor of 2254344?
True
Is 3126645 a multiple of 45?
True
Is 92 a factor of 802884?
True
Does 250 divide 501500?
True
Does 75 divide 22875?
True
Does 126 divide 162162?
True
Does 105 divide 28883925?
True
Is 72 a factor of 2630908?
False
Is 4085599 a multiple of 207?
False
Does 514 divide 9252?
True
Is 54866 a multiple of 55?
False
Is 175512 a multiple of 275?
False
Does 18 divide 19656?
True
Is 146800 a multiple of 2?
True
Is 710549 a multiple of 7?
True
Does 23 divide 12458341?
True
Is 107051 even?
False
Is 152 a factor of 124792?
True
Is 22 a factor of 286550?
True
Is 1228 a factor of 1305364?
True
Is 2164802 a multiple of 96?
False
Is 21666 a multiple of 135?
False
Is 39 a factor of 33618?
True
Does 18 divide 874936?
False
Does 31 divide 936424?
False
Does 82 divide 4323286?
True
Is 675531 a multiple of 9?
True
Does 280 divide 541007?
False
Is 234802 a multiple of 74?
True
Is 4036148 a multiple of 111?
False
Does 117 divide 158769?
True
Is 186 a factor of 63426?
True
Is 175 a factor of 137161?
False
Is 1594081 a multiple of 6?
False
Is 2673 a multiple of 2?
False
Is 1425798 a multiple of 209?
True
Does 263 divide 115573?
False
Is 2387016 a multiple of 774?
True
Is 250918 a multiple of 142?
False
Does 70 divide 21700?
True
Is 397 a factor of 861264?
False
Is 106470 a multiple of 30?
True
Is 1358 a factor of 479374?
True
Is 111227 a multiple of 188?
False
Does 49 divide 736606?
False
Is 10757882 a multiple of 46?
True
Does 675 divide 193180?
False
Is 4087833 a multiple of 198?
False
Is 426 a factor of 55380?
True
Does 66 divide 280698?
True
Does 21 divide 16308160?
False
Is 2023 a factor of 7792596?
True
Is 656266 a multiple of 470?
False
Does 65 divide 353275?
True
Does 816 divide 46512?
True
Does 11 divide 2381827?
False
Is 140 a factor of 76160?
True
Is 50 a factor of 21092?
False
Is 1597 a factor of 6119704?
True
Is 78 a factor of 5143788?
True
Is 27 a factor of 1054593?
True
Is 8635572 a multiple of 165?
False
Is 177 a factor of 4449426?
True
Does 2 divide 128643?
False
Is 38 a factor of 44194?
True
Is 303804 a multiple of 116?
True
Does 182 divide 316498?
True
Is 4 a factor of 716384?
True
Is 201476 a multiple of 418?
True
Does 21 divide 85552?
False
Is 752 a factor of 497072?
True
Is 74 a factor of 5021682?
False
Is 293581 a multiple of 173?
True
Is 128 a factor of 1795364?
False
Is 251489 a multiple of 341?
False
Does 30 divide 8424630?
True
Does 36 divide 209830?
False
Is 30 a factor of 1016040?
True
Is 41 a factor of 539883?
False
Does 15 divide 40624?
False
Is 515284 a multiple of 239?
True
Is 1255023 a multiple of 13?
False
Does 254 divide 208407?
False
Is 195 a factor of 374855?
False
Is 208078 a multiple of 151?
True
Is 917805 a multiple of 35?
True
Is 12 a factor of 124656?
True
Does 6 divide 15232?
False
Is 494088 a multiple of 136?
True
Is 91 a factor of 12121928?
True
Is 3436172 a multiple of 235?
False
Is 5 a factor of 446840?
True
Is 10 a factor of 32540?
True
Is 5 a factor of 144815?
True
Is 157430 a multiple of 10?
True
Is 25757 a multiple of 36?
False
Is 64138 a multiple of 5?
False
Does 46 divide 2032280?
True
Does 39 divide 619744?
False
Is 696042 a multiple of 54?
False
Is 11022270 a multiple of 10?
True
Is 250719 a multiple of 21?
True
Is 47205 a multiple of 7?
False
Is 5444258 a multiple of 10?
False
Is 146 a factor of 981704?
True
Does 952 divide 3561097?
False
Is 51 a factor of 133557?
False
Is 13224 a multiple of 8?
True
Is 21 a factor of 2406992?
False
Is 10 a factor of 3710?
True
Is 3 a factor of 91989?
True
Does 170 divide 6481484?
False
Is 2574748 a multiple of 326?
True
Does 293 divide 3363931?
False
Does 13 divide 672542?
True
Does 5 divide 184995?
True
Is 10136302 a multiple of 177?
False
Is 173 a factor of 6322?
False
Is 1643824 a multiple of 43?
False
Is 23 a factor of 128087?
True
Is 122 a factor of 74298?
True
Is 4243805 a multiple of 559?
False
Is 2466886 a multiple of 66?
False
Is 13 a factor of 106925?
True
Does 86 divide 102942?
True
Does 24 divide 2529260?
False
Is 15 a factor of 46920?
True
Is 164 a factor of 514140?
True
Does 15 divide 583110?
True
Is 11 a factor of 1156209?
False
Is 57498 a multiple of 3?
True
Is 313848 a multiple of 18?
True
Is 185 a factor of 23565?
False
Is 776 a factor of 491984?
True
Is 593 a factor of 13497273?
True
Is 282674 a multiple of 122?
True
Is 18 a factor of 4239568?
False
Is 207 a factor of 1938762?
True
Is 66 a factor of 1078704?
True
Does 54 divide 50814?
True
Is 1496809 a multiple of 3?
False
Does 623 divide 10104437?
True
Does 39 divide 7231786?
False
Is 517 a factor of 1343024?
False
Is 445183 a multiple of 8?
False
Is 13616175 a multiple of 13?
False
Does 7 divide 522977?
True
Is 227625 a multiple of 13?
False
Is 26 a factor of 2187706?
False
Does 8 divide 14841?
False
Is 6874723 a multiple of 69?
False
Does 120 divide 11460720?
True
Is 2117719 a multiple of 462?
False
Is 10 a factor of 4474230?
True
Does 46 divide 16724956?
True
Is 480 a factor of 47125?
False
Is 124 a factor of 291973?
False
Does 8 divide 509984?
True
Does 10 divide 1272020?
True
Does 7 divide 3745?
True
Is 326690 a multiple of 65?
True
Does 549 divide 9493857?
True
Does 10 divide 229